What is the greatest common divisor of 5 and y?
5
Suppose 5*h + 52 = 7*h. Let j(g) = 6*g**2 + 3*g - 3. Let s be j(-3). Let f = s + -29. Calculate the greatest common divisor of f and h.
13
Let f(w) = w + 14. Let s be f(-11). Suppose 0 = 2*j + s*b - 3, -4*j - 4*b - 8 = -24. Suppose 7*g - j*g = -84. What is the highest common divisor of 6 and g?
6
Suppose -5*l + v = 622, v + 163 = -2*l - 83. Let p = 190 + l. Suppose -6*u + 3*u - g = -15, 4*u - 2*g = 30. What is the highest common factor of p and u?
6
Let v(x) = -x + 37. Let k be v(13). Calculate the highest common factor of 8 and k.
8
Suppose -7 - 1 = -4*a. Suppose -2*b - 3*b + 5*s + 15 = 0, a*s - 10 = 0. Let f = -5 + 45. What is the greatest common factor of f and b?
8
Suppose -2*a = -13 - 221. Let k = -66 + a. Let w = k - -70. Calculate the greatest common factor of 11 and w.
11
Let d be 1/(-2)*176/8. Let c = 24 + d. What is the highest common divisor of c and 39?
13
Let b(o) = -o**3 - 6*o**2 - 9*o + 12. Let v be b(-6). What is the highest common divisor of 33 and v?
33
Suppose 0 = -5*z + 4*z + 27. Let r = 455 - 212. What is the highest common factor of r and z?
27
Let y be (3/2)/(6/4). Suppose l = -12 - y. Let p = l + 23. Calculate the greatest common divisor of p and 70.
10
Suppose 6*v - v - 20 = 0. Let h be v + (-5 - 0) + 13. Calculate the highest common divisor of 30 and h.
6
Let m(w) = w**2 - 8*w + 8. Let v = 4 + 4. Let i be m(v). What is the greatest common divisor of i and 8?
8
Let d be 1/2 - 55/(-10). Suppose -4*t = -d*t + 12. Calculate the greatest common divisor of t and 6.
6
Suppose -2*s + 104 = 2*s. What is the greatest common factor of s and 286?
26
Let b(i) = -i**2 + i. Let z be b(3). Let v(n) = -2*n**3 - 9*n**2 - 5*n - 3. Let a be v(z). Calculate the greatest common factor of a and 15.
15
Let m be 274/6 + 6/(-9). Let l be 20 + (4/(-1))/2. Suppose 0*c + l = c. Calculate the greatest common divisor of c and m.
9
Let x(j) = 0*j - 2*j - 5*j. Let t be x(-10). Let g = 32 - 4. Calculate the highest common factor of t and g.
14
Let f be (-76)/(-8) - (-3)/6. Calculate the highest common factor of f and 80.
10
Let a be (-4)/26 + (-10148)/(-52). What is the highest common factor of 39 and a?
39
Suppose 0 = -3*h + 4*r + 8, -h + 0*h - 8 = 4*r. Suppose -5*k + 4*k + 44 = h. What is the greatest common divisor of k and 11?
11
Suppose 0 = -5*x + 2*k + 80, 0 = -2*x - k - k + 46. Calculate the highest common divisor of 6 and x.
6
Suppose 50 = 4*q + q. Let r = 3 + 1. Suppose s - r = -s. Calculate the highest common divisor of q and s.
2
Let b be (11 - 0)*(-55)/(-5). Let p be 22/b - 150/(-22). Calculate the greatest common factor of 56 and p.
7
Let k(o) = -o**3 - 8*o**2 - 3*o - 84. Let t be k(-9). Suppose d - 104 = 88. What is the highest common factor of t and d?
24
Suppose 0 = 11*v - 10*v - 5. Suppose -3*z + 130 = -v*q, 2*z - 2*q = 44 + 40. What is the greatest common factor of z and 5?
5
Let w(o) = -o + 9. Let j be w(8). Let b be (j - -1) + 26 + 1. Let s = b + -17. Calculate the greatest common factor of 48 and s.
12
Let p = -184 - -352. Calculate the highest common divisor of 21 and p.
21
Suppose -4*a = -14*a + 60. What is the highest common divisor of 54 and a?
6
Suppose 5*b = -m + 262, -4*b - b = 2*m - 264. Suppose -5*v + b + 3 = 0. What is the greatest common divisor of 88 and v?
11
Let s(u) = 5*u**2 - u + 2. Suppose -4*o = -10 + 18. Let n be s(o). Calculate the highest common divisor of n and 24.
24
Let h be (2/(-9) + (-1034)/99)*-3. Calculate the greatest common divisor of 80 and h.
16
Suppose 2*v + 31 = -4*l + 1, 4*l - 30 = 2*v. Let t be 1 - 5/(v/9). Calculate the highest common factor of t and 20.
4
Let g = 1 + 2. Suppose -g*p + 10 = -8. What is the highest common factor of 66 and p?
6
Let x = 18 + -10. Let q = 12 - x. Let i be 34/q - (-3)/6. Calculate the greatest common divisor of 99 and i.
9
Let m = 17 - 8. Calculate the greatest common factor of m and 1.
1
Let i(y) = -24*y**3 + y**2 - 2*y - 2. Let u be i(-2). What is the highest common factor of u and 22?
22
Let b be 46 - 1 - (-8 - -5). What is the highest common divisor of b and 60?
12
Let n be (-7 - -15)*(-1)/(-2). Suppose -19 = -2*z + z + 4*a, n*a = -16. Calculate the highest common factor of 6 and z.
3
Let q = -1 + 1. Suppose -5*r + 16 + 149 = q. Suppose -5*j - f = -14, j - 3*f + 3 = 3*j. Calculate the greatest common factor of j and r.
3
Let l(v) = 2*v**3 - 4*v**2 - 5*v. Let c be l(4). What is the greatest common factor of 110 and c?
22
Let j be (-3 - -5) + (-26)/(-1). Suppose -5*v + j = -v. Let t(l) = l + 7. Let g be t(0). Calculate the greatest common factor of v and g.
7
Let q(f) = 2*f**2 - 5*f + 7. Let x be q(5). What is the highest common factor of 16 and x?
16
Let i be 10*(6/15)/1. Let n be (2/(-4))/((-2)/112). What is the highest common factor of i and n?
4
Suppose 0 = g - 5 - 1. Let h be (-9)/(1/(-8)*g). Calculate the highest common divisor of 3 and h.
3
Let b = 103 + -68. Calculate the greatest common factor of b and 315.
35
Let l be -3 + -7 + -1 + 1. Let b = -3 - l. What is the greatest common divisor of 35 and b?
7
Let b(m) = -m**2 + 9*m + 1. Let u be b(5). Suppose -s = -6*s. Let g be 2/(6/441 - s). Calculate the greatest common divisor of g and u.
21
Let a be 6 + -13 - 0/(-2). Let r(f) = f**3 + 8*f**2 + 6*f + 5. Let b be r(a). Calculate the greatest common factor of 4 and b.
4
Let r be 26 - 13 - (1 - -3). Suppose 3*k + 0 - r = 0. Let v = -59 + 83. Calculate the greatest common divisor of k and v.
3
Let y = 153 - 55. What is the highest common factor of y and 28?
14
Suppose 3*o = 6*o - 48. Let l be -13 + o + (-30)/(-2). Calculate the greatest common divisor of 3 and l.
3
Suppose 0 = -5*f + v + 5, 5*f + 6*v - v = -25. Suppose 2*t + 2*t - 300 = f. Suppose -m - t = -6*m. Calculate the highest common divisor of 6 and m.
3
Let o(x) = -x**3 - 4*x**2 - x + 1. Let f be o(-4). Suppose -8*z + 45 = -f*z. Suppose 0 = -0*b - 4*b + 12. What is the greatest common divisor of z and b?
3
Let s be 2*(-1)/((-3)/(-30)). Let p(t) = 9*t**2 + 6*t - 5. Let o be p(4). Let y = o + s. Calculate the highest common divisor of 13 and y.
13
Let t(l) = 3*l**3 - 3*l**2 + 3*l - 3. Let v be t(2). Let r be 0 - 1 - -3*2. Let p = 11 - r. Calculate the highest common factor of p and v.
3
Suppose 96 = m + m. Suppose 3*u + 2*u = 75. Suppose -2*t + u = -9. Calculate the highest common divisor of m and t.
12
Let p = 106 + 180. Calculate the greatest common factor of p and 22.
22
Let f be (-42)/(-4)*40/6. Suppose 0*v = -4*v + 40. Calculate the greatest common divisor of f and v.
10
Let z = -1 + 3. Suppose -5 + 39 = z*k. Suppose 4*n - 224 = 320. What is the highest common factor of k and n?
17
Suppose 639 + 35 = 4*x + 2*l, 3*l = -15. Calculate the greatest common divisor of x and 19.
19
Let z be 2*2 - (10 + -7). What is the highest common divisor of 2 and z?
1
Suppose -250 = 4*i - 9*i. Let f = i + -30. Calculate the highest common divisor of 50 and f.
10
Let u = -3 - -6. Let r(m) = m - 1. Let d be r(-4). Let t be d/(-2)*(-12)/(-15). What is the highest common divisor of u and t?
1
Suppose -3*h = -0*h + 3*x - 42, -2*x + 12 = h. Let i be (-3)/4*(-3 + -29). Calculate the highest common factor of i and h.
8
Suppose -3*r = 2*h - 10, 4*h = -2*r - 0*h + 4. Suppose -304 = -r*z + 4*i, -i - 124 - 27 = -2*z. Calculate the greatest common divisor of z and 15.
15
Let b(o) = 4*o + 21. Let y be b(-5). Calculate the highest common factor of y and 4.
1
Suppose 2*u - 20 = -3*u. Let s be 3/((3/(-16))/(-1)). Calculate the highest common divisor of s and u.
4
Let m be 0 - (2 + 18)/(-4). What is the greatest common factor of 2 and m?
1
Let y(g) = 8*g**2 + g + 2. Let a(h) = -h + 11. Let t be a(9). Let z be y(t). Calculate the highest common divisor of z and 4.
4
Suppose 0 = 4*h - h - 813. Suppose h = 5*m - 29. Calculate the greatest common factor of 20 and m.
20
Let m = -36 + 58. What is the greatest common factor of m and 154?
22
Let j = 0 + 3. Suppose -j*v + 44 = v. Calculate the greatest common factor of 22 and v.
11
Let u be (-1 - -4 - 3)*-1. Suppose u*v + 5*v - 150 = 0. Calculate the highest common factor of v and 270.
30
Let m(v) = v**2 + 3. Let y be m(0). Suppose 0 = 5*o + 10 - 65. Suppose y*j + o = 92. Calculate the greatest common divisor of 9 and j.
9
Let t(p) = 0*p**3 -